{"id":813,"date":"2024-06-17T13:52:30","date_gmt":"2024-06-17T11:52:30","guid":{"rendered":"https:\/\/riverbalance-kuhnitzsch.com\/index.php\/widerrufsbelehrung\/"},"modified":"2024-06-29T20:51:36","modified_gmt":"2024-06-29T18:51:36","slug":"widerrufsbelehrung","status":"publish","type":"page","link":"https:\/\/riverbalance-kuhnitzsch.com\/index.php\/widerrufsbelehrung\/","title":{"rendered":"Widerrufsbelehrung"},"content":{"rendered":"<h4 class=\"wp-block-heading\">WIDERRUFSRECHT<\/h4><p>Wenn Sie auf unserer Website ein Buch bestellt haben (als nat\u00fcrliche Person), steht Ihnen ein Widerrufsrecht zu. F\u00fcr das Widerrufsrecht gelten die gesetzlichen Bestimmungen und die Regelungen, die im Einzelnen wiedergegeben sind in der nachfolgenden<\/p><h4 class=\"wp-block-heading\">WIDERRUFSBELEHRUNG<\/h4><p>Sie haben das Recht, binnen vierzehn Tagen ohne Angabe von Gr\u00fcnden diesen Vertrag zu widerrufen. Die Widerrufsfrist betr\u00e4gt vierzehn Tage ab dem Tag an dem Sie oder ein von Ihnen benannter Dritter, der die Ware in Besitz genommen hat.<\/p><p>Um Ihr Widerrufsrecht auszu\u00fcben, m\u00fcssen Sie uns mittels einer eindeutigen Erkl\u00e4rung (z.B. E-Mail, Telefon oder Brief) \u00fcber Ihren Entschluss, diesen Vertrag zu widerrufen, \u00fcber folgende Adresse informieren:<\/p><p>Riverbalance<br>Clemens Kuhnitzsch<br>Lerchensteig 2<br>D-09235 Burkhardtsdorf<br>E-Mail info@riverbalance-kuhnitzsch.com<\/p><p>Um Ihr Widerrufsrecht auszu\u00fcben, m\u00fcssen Sie uns mittels einer eindeutigen Erkl\u00e4rung (z.B. ein mit der Post versandter Brief oder E-Mail) \u00fcber Ihren Entschluss, diesen Vertrag zu widerrufen, informieren.<\/p><h4 class=\"wp-block-heading\">FOLGEN DES WIDERRUFS<\/h4><p>Wenn Sie diesen Vertrag widerrufen, haben wir Ihnen alle Zahlungen, die wir von Ihnen erhalten haben, einschlie\u00dflich der Lieferkosten , unverz\u00fcglich und sp\u00e4testens binnen vierzehn Tagen ab dem Tag zur\u00fcckzuzahlen, an dem die Mitteilung \u00fcber Ihren Widerruf dieses Vertrags bei uns eingegangen ist. F\u00fcr diese R\u00fcckzahlung verwenden wir dasselbe Zahlungsmittel, das Sie bei der urspr\u00fcnglichen Transaktion eingesetzt haben, es sei denn, mit Ihnen wurde ausdr\u00fccklich etwas anderes vereinbart; in keinem Fall werden Ihnen wegen dieser R\u00fcckzahlung Entgelte berechnet.<\/p><p>Wir k\u00f6nnen die R\u00fcckzahlung verweigern, bis wir die Waren wieder zur\u00fcckerhalten haben oder bis Sie den Nachweis erbracht haben, dass Sie die Waren zur\u00fcckgesandt haben, je nachdem, welches der fr\u00fchere Zeitpunkt ist.<\/p><p>Sie haben die Waren unverz\u00fcglich und in jedem Fall sp\u00e4testens binnen vierzehn Tagen ab dem Tag, an dem Sie uns \u00fcber den Widerruf dieses Vertrages unterrichten, an uns zur\u00fcckzusenden oder zu \u00fcbergeben.<\/p><p>Riverbalance<br>Clemens Kuhnitzsch<br>Lerchensteig 2<br>D-09235 Burkhardtsdorf<br>E-Mail info@riverbalance-kuhnitzsch.com<\/p><p> Die Frist ist gewahrt, wenn Sie die Waren vor Ablauf der Frist von vierzehn Tagen absenden.<\/p><p>Sie tragen die unmittelbaren Kosten der R\u00fccksendung der Waren.<\/p>","protected":false},"excerpt":{"rendered":"<p>WIDERRUFSRECHT Wenn Sie auf unserer Website ein Buch bestellt haben (als nat\u00fcrliche Person), steht Ihnen ein Widerrufsrecht zu. F\u00fcr das Widerrufsrecht gelten die gesetzlichen Bestimmungen &hellip;<\/p>\n","protected":false},"author":1,"featured_media":0,"parent":0,"menu_order":0,"comment_status":"closed","ping_status":"closed","template":"","meta":{"footnotes":""},"class_list":["post-813","page","type-page","status-publish","hentry"],"_links":{"self":[{"href":"https:\/\/riverbalance-kuhnitzsch.com\/index.php\/wp-json\/wp\/v2\/pages\/813","targetHints":{"allow":["GET"]}}],"collection":[{"href":"https:\/\/riverbalance-kuhnitzsch.com\/index.php\/wp-json\/wp\/v2\/pages"}],"about":[{"href":"https:\/\/riverbalance-kuhnitzsch.com\/index.php\/wp-json\/wp\/v2\/types\/page"}],"author":[{"embeddable":true,"href":"https:\/\/riverbalance-kuhnitzsch.com\/index.php\/wp-json\/wp\/v2\/users\/1"}],"replies":[{"embeddable":true,"href":"https:\/\/riverbalance-kuhnitzsch.com\/index.php\/wp-json\/wp\/v2\/comments?post=813"}],"version-history":[{"count":1,"href":"https:\/\/riverbalance-kuhnitzsch.com\/index.php\/wp-json\/wp\/v2\/pages\/813\/revisions"}],"predecessor-version":[{"id":889,"href":"https:\/\/riverbalance-kuhnitzsch.com\/index.php\/wp-json\/wp\/v2\/pages\/813\/revisions\/889"}],"wp:attachment":[{"href":"https:\/\/riverbalance-kuhnitzsch.com\/index.php\/wp-json\/wp\/v2\/media?parent=813"}],"curies":[{"name":"wp","href":"https:\/\/api.w.org\/{rel}","templated":true}]}}